{"id":1191,"date":"2014-06-04T00:10:45","date_gmt":"2014-06-03T22:10:45","guid":{"rendered":"http:\/\/paper-point.de\/?page_id=1191"},"modified":"2023-01-14T10:43:08","modified_gmt":"2023-01-14T09:43:08","slug":"demo-werden","status":"publish","type":"page","link":"https:\/\/paper-point.de\/?page_id=1191","title":{"rendered":"Demo werden"},"content":{"rendered":"<p><strong>Du \u00a0m\u00f6chtest auch Demonstrator oder Demonstratorin bei Stampin&#8216; Up! werden? Dann w\u00fcrde ich mich freuen, wenn Du in mein Team kommst.<\/strong><\/p>\n<p>Es ist ganz einfach und macht riesig viel Spa\u00df!<\/p>\n<p><a title=\"Online IDA\" href=\"https:\/\/ida.stampinup.com\/de\/?demoid=5011130\" target=\"_blank\" rel=\"noopener noreferrer\">HIER<\/a> kannst Du Dich direkt online registrieren.<\/p>\n<p>F\u00fcr nur 129,- \u20ac kannst Du Dir direkt ein tolles Startetest mit Produkten im Wert von 175,- \u20ac aussuchen. Hinzu kommen noch weitere Gesch\u00e4ftsmaterialien im Wert von ca. 60,- \u20ac. Das alles bekommst Du portofrei zugeschickt.<\/p>\n<p>Ab und zu gibt es auch Sonderaktionen beim Einstieg als Demonstrator\/in. Auf Anfrage gebe ich dazu gerne Auskunft.<\/p>\n<p>Du kannst Dir Deine Zeit frei einteilen, Partys ausrichten, Workshops anbieten, ganz wie Du m\u00f6chtest. Du kannst als Demonstrator\/in die sch\u00f6nen Produkte und Vorteile von Stampin\u2019 Up! auch einfach f\u00fcr Dich selbst nutzen.<\/p>\n<p>Wenn Du mehr \u00fcber die T\u00e4tigkeit als Demonstrator\/in erfahren m\u00f6chtest, dann kannst Du mich gerne anrufen oder <a title=\"Kontakt \/ Anfragen\" href=\"https:\/\/paper-point.de\/kontakt-anfragen\/\">per Mail<\/a> kontaktieren, ich werde versuchen, Dir alle Deine Fragen zu beantworten.<\/p>\n<p style=\"text-align: center;\">\n","protected":false},"excerpt":{"rendered":"<p>Du \u00a0m\u00f6chtest auch Demonstrator oder Demonstratorin bei Stampin&#8216; Up! werden? Dann w\u00fcrde ich mich freuen, wenn Du in mein Team kommst. Es ist ganz einfach und macht riesig viel Spa\u00df! HIER kannst Du Dich direkt online registrieren. F\u00fcr nur 129,- \u20ac kannst Du Dir direkt ein tolles Startetest mit Produkten im Wert von 175,- \u20ac [&hellip;]<\/p>\n","protected":false},"author":2,"featured_media":0,"parent":9,"menu_order":3,"comment_status":"open","ping_status":"open","template":"page-full-width.php","meta":{"footnotes":""},"class_list":["post-1191","page","type-page","status-publish","hentry"],"jetpack-related-posts":[],"jetpack_sharing_enabled":false,"_links":{"self":[{"href":"https:\/\/paper-point.de\/index.php?rest_route=\/wp\/v2\/pages\/1191","targetHints":{"allow":["GET"]}}],"collection":[{"href":"https:\/\/paper-point.de\/index.php?rest_route=\/wp\/v2\/pages"}],"about":[{"href":"https:\/\/paper-point.de\/index.php?rest_route=\/wp\/v2\/types\/page"}],"author":[{"embeddable":true,"href":"https:\/\/paper-point.de\/index.php?rest_route=\/wp\/v2\/users\/2"}],"replies":[{"embeddable":true,"href":"https:\/\/paper-point.de\/index.php?rest_route=%2Fwp%2Fv2%2Fcomments&post=1191"}],"version-history":[{"count":2,"href":"https:\/\/paper-point.de\/index.php?rest_route=\/wp\/v2\/pages\/1191\/revisions"}],"predecessor-version":[{"id":15547,"href":"https:\/\/paper-point.de\/index.php?rest_route=\/wp\/v2\/pages\/1191\/revisions\/15547"}],"up":[{"embeddable":true,"href":"https:\/\/paper-point.de\/index.php?rest_route=\/wp\/v2\/pages\/9"}],"wp:attachment":[{"href":"https:\/\/paper-point.de\/index.php?rest_route=%2Fwp%2Fv2%2Fmedia&parent=1191"}],"curies":[{"name":"wp","href":"https:\/\/api.w.org\/{rel}","templated":true}]}}